{"id":41,"date":"2022-05-04T17:49:02","date_gmt":"2022-05-04T17:49:02","guid":{"rendered":"https:\/\/enlaceiei.org\/?page_id=41"},"modified":"2025-10-08T18:56:54","modified_gmt":"2025-10-08T18:56:54","slug":"integrantes","status":"publish","type":"page","link":"https:\/\/enlaceiei.org\/index.php\/integrantes\/","title":{"rendered":"INTEGRANTES"},"content":{"rendered":"\n<hr class=\"wp-block-separator has-css-opacity is-style-default\"\/>\n\n\n<div class=\"wp-block-image is-style-rounded\">\n<figure class=\"aligncenter size-full is-resized\"><img loading=\"lazy\" decoding=\"async\" width=\"391\" height=\"432\" src=\"https:\/\/enlaceiei.org\/wp-content\/uploads\/2022\/05\/corbacho.png\" alt=\"\" class=\"wp-image-42\" style=\"width:150px;height:165px\" srcset=\"https:\/\/enlaceiei.org\/wp-content\/uploads\/2022\/05\/corbacho.png 391w, https:\/\/enlaceiei.org\/wp-content\/uploads\/2022\/05\/corbacho-272x300.png 272w\" sizes=\"auto, (max-width: 391px) 100vw, 391px\" \/><figcaption class=\"wp-element-caption\"><strong>Ana M. Corbacho Rodr\u00edguez<\/strong><\/figcaption><\/figure>\n<\/div>\n\n\n<blockquote class=\"wp-block-quote has-text-align-center is-style-large\"><p><\/p><\/blockquote>Profesora Agregada y Coordinadora Acad\u00e9mica del Espacio Interdisciplinario de la Universidad de la Rep\u00fablica (Udelar), Uruguay (2015-presente). Impulsora del Congreso Latinoamericano de Investigaci\u00f3n y Educaci\u00f3n Superior Interdisciplinaria (IEI 2016). Directora Asociada del Hub Interdisciplinario iAMSTEM de la Universiy of California at Davis (UCD) (2012-2014). Directora Asistente de Educaci\u00f3n Superior del Center for Biophotonics Science and Technology de la National Science Foundation en UCD (2006-2012). Lic. en Ciencias Biol\u00f3gicas en la Udelar, MSc en Fisiolog\u00eda y PhD en Neuroendocrinolog\u00eda en la Universidad Nacional Aut\u00f3noma de M\u00e9xico y posdoctorado en UCD.\n\n\n\n<hr class=\"wp-block-separator has-css-opacity is-style-default\"\/>\n\n\n<div class=\"wp-block-image is-style-rounded\">\n<figure class=\"aligncenter size-full is-resized\"><img loading=\"lazy\" decoding=\"async\" width=\"250\" height=\"250\" src=\"https:\/\/enlaceiei.org\/wp-content\/uploads\/2022\/05\/Foto-Augusto-Castro.jpg\" alt=\"\" class=\"wp-image-47\" style=\"width:169px;height:169px\" srcset=\"https:\/\/enlaceiei.org\/wp-content\/uploads\/2022\/05\/Foto-Augusto-Castro.jpg 250w, https:\/\/enlaceiei.org\/wp-content\/uploads\/2022\/05\/Foto-Augusto-Castro-150x150.jpg 150w\" sizes=\"auto, (max-width: 250px) 100vw, 250px\" \/><figcaption class=\"wp-element-caption\"><strong>Augusto<\/strong>&nbsp;<strong>Castro<\/strong><\/figcaption><\/figure>\n<\/div>\n\n<p>Fil\u00f3sofo. Ph.D. en Cultura Integral por la Universidad de Tokio, Jap\u00f3n, donde fue profesor visitante por cinco a\u00f1os. Estudi\u00f3 en la Pontificia Universidad Cat\u00f3lica del Per\u00fa (PUCP) y obtuvo el Bachillerato, la Licenciatura y el Magister en Filosof\u00eda. Es profesor principal del Departamento de Ciencias Sociales de la PUCP. Ha sido Director del Instituto de Ciencias de la Naturaleza, Territorio y Energ\u00edas Renovables (INTE-PUCP), y tambi\u00e9n Director del Centro de Investigaciones Sociol\u00f3gicas, Econ\u00f3micas, Pol\u00edticas y Antropol\u00f3gicas (CISEPA) de la PUCP. Ha sido Presidente del Comit\u00e9 de \u00c9tica para la Investigaci\u00f3n de seres humanos y animales de la misma universidad. Actualmente es Director de la revista Kawsaypacha del INTE-PUCP; asimismo, es miembro del Comit\u00e9 Directivo y Coordinador del Grupo de Filosof\u00eda y Pol\u00edtica de CLACSO.<\/p>\n\n\n<hr class=\"wp-block-separator has-css-opacity is-style-default\"\/>\n\n\n<div class=\"wp-block-image is-style-rounded\">\n<figure class=\"aligncenter size-full is-resized\"><img loading=\"lazy\" decoding=\"async\" width=\"190\" height=\"190\" src=\"https:\/\/enlaceiei.org\/wp-content\/uploads\/2022\/05\/Ricardo_Mansilla-1.jpg\" alt=\"\" class=\"wp-image-51\" style=\"width:158px;height:158px\" srcset=\"https:\/\/enlaceiei.org\/wp-content\/uploads\/2022\/05\/Ricardo_Mansilla-1.jpg 190w, https:\/\/enlaceiei.org\/wp-content\/uploads\/2022\/05\/Ricardo_Mansilla-1-150x150.jpg 150w\" sizes=\"auto, (max-width: 190px) 100vw, 190px\" \/><figcaption class=\"wp-element-caption\"><strong>Ricardo Mansilla Corona<\/strong><\/figcaption><\/figure>\n<\/div>\n\n<p>Doctor en Matem\u00e1ticas por la Universidad de La Habana, Cuba y Master of Arts in Economics por la Universidad de Carleton, Canad\u00e1. Fue profesor de la Facultad de Matem\u00e1ticas y Computaci\u00f3n de la Universidad de La Habana por 18 a\u00f1os. Ha sido profesor invitado por per\u00edodos largos en la Universidad de Par\u00eds XI (Orsay) y en la Universidad de Mosc\u00fa M. V. Lomonosov. Desde hace 20 a\u00f1os es Investigador Titular del Centro de Investigaciones Interdisciplinarias en Ciencias y Humanidades de la UNAM, M\u00e9xico.<\/p>\n\n\n<hr class=\"wp-block-separator has-css-opacity is-style-default\"\/>\n\n\n<div class=\"wp-block-image is-style-rounded\">\n<figure class=\"aligncenter size-full\"><img loading=\"lazy\" decoding=\"async\" width=\"167\" height=\"167\" src=\"https:\/\/enlaceiei.org\/wp-content\/uploads\/2022\/05\/MELGAR.png\" alt=\"\" class=\"wp-image-54\" srcset=\"https:\/\/enlaceiei.org\/wp-content\/uploads\/2022\/05\/MELGAR.png 167w, https:\/\/enlaceiei.org\/wp-content\/uploads\/2022\/05\/MELGAR-150x150.png 150w\" sizes=\"auto, (max-width: 167px) 100vw, 167px\" \/><figcaption class=\"wp-element-caption\"><strong>Hugo Melgar Qui\u00f1\u00f3nez&nbsp;<\/strong><\/figcaption><\/figure>\n<\/div>\n\n<p>Profesor de la Escuela de Nutrici\u00f3n Humana y Director acad\u00e9mico del Instituto de Seguridad Alimentaria Mundial de la Universidad McGill, Canad\u00e1. Es m\u00e9dico y Doctor en Ciencias de la Universidad Friedrich Schiller de Jena, Alemania; siendo certificado por la Universidad de Kassel en Pedagog\u00eda Universitaria. Trabaj\u00f3 como investigador en las Universidades Estatal de Ohio y de California en Davis y en el Instituto Nacional de Salud P\u00fablica de M\u00e9xico. Lidera un grupo interdisciplinario de investigadores y estudiantes de 15 pa\u00edses de cuatro continentes. Ha recibido financiamientos de instituciones canadienses, estadounidenses y europeas. M\u00e1s de 70 estudiantes de pregrado y posgrado se han graduado bajo su tutela. Sus presentaciones en eventos cient\u00edficos, invitaciones a conferencias magistrales, art\u00edculos cient\u00edficos y cap\u00edtulos de libros incluyen m\u00e1s de 300 aportes acad\u00e9micos, adem\u00e1s de ser colaborador de agencias internacionales y organizaciones de Naciones Unidas.<\/p>\n\n\n<hr class=\"wp-block-separator has-css-opacity is-style-default\"\/>\n\n\n<div class=\"wp-block-image is-style-rounded\">\n<figure class=\"aligncenter size-full is-resized\"><img loading=\"lazy\" decoding=\"async\" width=\"232\" height=\"232\" src=\"https:\/\/enlaceiei.org\/wp-content\/uploads\/2022\/05\/MERINO.png\" alt=\"\" class=\"wp-image-58\" style=\"width:150px;height:150px\" srcset=\"https:\/\/enlaceiei.org\/wp-content\/uploads\/2022\/05\/MERINO.png 232w, https:\/\/enlaceiei.org\/wp-content\/uploads\/2022\/05\/MERINO-150x150.png 150w\" sizes=\"auto, (max-width: 232px) 100vw, 232px\" \/><figcaption class=\"wp-element-caption\"><strong>Jaqueline Meri\u00f1o&nbsp;<\/strong><\/figcaption><\/figure>\n<\/div>\n\n<p>Coordinadora en la Unidad de Redes Transdisciplinarias de la Vicerrector\u00eda de Investigaci\u00f3n y Desarrollo, Universidad de Chile. Ingeniera en Biotecnolog\u00eda Molecular, con experiencia en gesti\u00f3n de la investigaci\u00f3n inter y transdisciplinaria en educaci\u00f3n superior.<\/p>\n\n\n<hr class=\"wp-block-separator has-css-opacity is-style-default\"\/>\n\n\n<div class=\"wp-block-image is-style-rounded\">\n<figure class=\"aligncenter size-full is-resized\"><img loading=\"lazy\" decoding=\"async\" width=\"174\" height=\"174\" src=\"https:\/\/enlaceiei.org\/wp-content\/uploads\/2022\/05\/Andrea-Melissa-Mora-Umana-1.png\" alt=\"\" class=\"wp-image-73\" style=\"width:177px;height:177px\" srcset=\"https:\/\/enlaceiei.org\/wp-content\/uploads\/2022\/05\/Andrea-Melissa-Mora-Umana-1.png 174w, https:\/\/enlaceiei.org\/wp-content\/uploads\/2022\/05\/Andrea-Melissa-Mora-Umana-1-150x150.png 150w\" sizes=\"auto, (max-width: 174px) 100vw, 174px\" \/><figcaption class=\"wp-element-caption\"><strong>Andrea Melissa Mora Uma\u00f1a<\/strong><\/figcaption><\/figure>\n<\/div>\n\n<p>M.Sc. en Ciencias Cognoscitivas, estudiante del Programa de Doctorado en Estudios de la Sociedad y la Cultura de la Universidad de Costa Rica, Licenciada en Psicolog\u00eda de la Universidad Cat\u00f3lica de Costa Rica. Investigadora del Programa de Investigaci\u00f3n en Fundamentos de Educaci\u00f3n a Distancia en el \u00e1rea de formaci\u00f3n universitaria y cognici\u00f3n, docente de la Maestr\u00eda de Psicopedagog\u00eda de la Universidad Estatal a Distancia. Docente en el Programa de Posgrado de Geolog\u00eda de la Universidad de Costa Rica.<\/p>\n\n\n<hr class=\"wp-block-separator has-css-opacity is-style-default\"\/>\n\n\n<div class=\"wp-block-image is-style-rounded\">\n<figure class=\"aligncenter size-full is-resized\"><img loading=\"lazy\" decoding=\"async\" width=\"214\" height=\"214\" src=\"https:\/\/enlaceiei.org\/wp-content\/uploads\/2022\/05\/riveros.png\" alt=\"\" class=\"wp-image-66\" style=\"width:158px;height:158px\" srcset=\"https:\/\/enlaceiei.org\/wp-content\/uploads\/2022\/05\/riveros.png 214w, https:\/\/enlaceiei.org\/wp-content\/uploads\/2022\/05\/riveros-150x150.png 150w\" sizes=\"auto, (max-width: 214px) 100vw, 214px\" \/><figcaption class=\"wp-element-caption\"><strong><strong>Pablo Riveros<\/strong><\/strong><\/figcaption><\/figure>\n<\/div>\n\n<p>Encargado y fundador de la Unidad de Redes Transdisciplinarias de la Vicerrector\u00eda de Investigaci\u00f3n y Desarrollo, Universidad de Chile. Ingeniero en Biotecnolog\u00eda Molecular, M\u00e1ster en Pol\u00edtica Educativa. Cre\u00f3 y se desempe\u00f1\u00f3 como encargado de la Unidad de Asuntos Postdoctorales de la Universidad de Chile, y como coordinador de investigaci\u00f3n, trabajando en la creaci\u00f3n de l\u00edneas concursables para el incentivo de la investigaci\u00f3n interdisciplinaria (U-Redes).<\/p>\n\n\n<hr class=\"wp-block-separator has-css-opacity is-style-default\"\/>\n\n\n<div class=\"wp-block-image is-style-rounded\">\n<figure class=\"aligncenter size-full\"><img loading=\"lazy\" decoding=\"async\" width=\"174\" height=\"174\" src=\"https:\/\/enlaceiei.org\/wp-content\/uploads\/2022\/05\/rueda.png\" alt=\"\" class=\"wp-image-68\" srcset=\"https:\/\/enlaceiei.org\/wp-content\/uploads\/2022\/05\/rueda.png 174w, https:\/\/enlaceiei.org\/wp-content\/uploads\/2022\/05\/rueda-150x150.png 150w\" sizes=\"auto, (max-width: 174px) 100vw, 174px\" \/><figcaption class=\"wp-element-caption\"><strong>Eduardo A. Rueda Barrera<\/strong><\/figcaption><\/figure>\n<\/div>\n\n<p>Ph.D. en Filosof\u00eda de la Universidad del Pa\u00eds Vasco y M\u00e9dico cirujano de la Pontificia Universidad Javeriana. Miembro del International Bioethics Committee IBC UNESCO \u2013 Par\u00eds. Actual Presidente de la Red Latinoamericana y del Caribe de Educaci\u00f3n en Bio\u00e9tica REDLACEB &#8211; UNESCO. Miembro fundador de la Red Internacional de Bioderecho. Excoordinador del Grupo de Trabajo en Filosof\u00eda Pol\u00edtica CLACSO (2013-2019) y Exdirector del Instituto de Bio\u00e9tica de la Universidad Javeriana. Ha sido Investigador Residente en el Institute for Advanced Studies in the Humanities, Essen, Alemania, e Investigador visitante en la Universidad de Oslo. Premio de investigaci\u00f3n Guillermo Hoyos V\u00e1squez (CLACSO, 2015) y Premio de Investigaci\u00f3n en Bio\u00e9tica (Fundaci\u00f3n Victor i Lucas, Barcelona, 2011).<\/p>\n\n\n<hr class=\"wp-block-separator has-css-opacity is-style-default\"\/>\n\n\n\n<hr class=\"wp-block-separator has-css-opacity is-style-default\"\/>\n","protected":false},"excerpt":{"rendered":"<p>Profesora Agregada y Coordinadora Acad\u00e9mica del Espacio Interdisciplinario de la Universidad de la Rep\u00fablica (Udelar), Uruguay (2015-presente). Impulsora del Congreso Latinoamericano de Investigaci\u00f3n y Educaci\u00f3n Superior Interdisciplinaria (IEI 2016). Directora &#8230;<\/p>\n","protected":false},"author":1,"featured_media":0,"parent":0,"menu_order":0,"comment_status":"closed","ping_status":"closed","template":"","meta":{"footnotes":""},"class_list":["post-41","page","type-page","status-publish","hentry"],"_links":{"self":[{"href":"https:\/\/enlaceiei.org\/index.php\/wp-json\/wp\/v2\/pages\/41","targetHints":{"allow":["GET"]}}],"collection":[{"href":"https:\/\/enlaceiei.org\/index.php\/wp-json\/wp\/v2\/pages"}],"about":[{"href":"https:\/\/enlaceiei.org\/index.php\/wp-json\/wp\/v2\/types\/page"}],"author":[{"embeddable":true,"href":"https:\/\/enlaceiei.org\/index.php\/wp-json\/wp\/v2\/users\/1"}],"replies":[{"embeddable":true,"href":"https:\/\/enlaceiei.org\/index.php\/wp-json\/wp\/v2\/comments?post=41"}],"version-history":[{"count":19,"href":"https:\/\/enlaceiei.org\/index.php\/wp-json\/wp\/v2\/pages\/41\/revisions"}],"predecessor-version":[{"id":232,"href":"https:\/\/enlaceiei.org\/index.php\/wp-json\/wp\/v2\/pages\/41\/revisions\/232"}],"wp:attachment":[{"href":"https:\/\/enlaceiei.org\/index.php\/wp-json\/wp\/v2\/media?parent=41"}],"curies":[{"name":"wp","href":"https:\/\/api.w.org\/{rel}","templated":true}]}}